Dec 03 13:48:19.516 INFO testing docmatic-0.1.2 against master#8940af3cea4a9a9deabcaf843b2f8cad9a83fc61 for beta-1.31-5
Dec 03 13:48:19.516 INFO running `"docker" "create" "-v" "/mnt/big/crater/work/local/target-dirs/beta-1.31-5/worker-7/master#8940af3cea4a9a9deabcaf843b2f8cad9a83fc61:/target:rw,Z" "-v" "/mnt/big/crater/work/local/test-source/worker-7/beta-1.31-5/master#8940af3cea4a9a9deabcaf843b2f8cad9a83fc61:/source:ro,Z" "-v" "/mnt/big/crater/work/local/cargo-home:/cargo-home:ro,Z" "-v" "/mnt/big/crater/work/local/rustup-home:/rustup-home:ro,Z" "-e" "USER_ID=1000" "-e" "SOURCE_DIR=/source" "-e" "USER_ID=1000" "-e" "CMD=cargo +8940af3cea4a9a9deabcaf843b2f8cad9a83fc61-alt build --frozen" "-e" "CARGO_TARGET_DIR=/target" "-e" "CARGO_INCREMENTAL=0" "-e" "RUST_BACKTRACE=full" "-e" "RUSTFLAGS=--cap-lints=warn" "-e" "CARGO_HOME=/cargo-home" "-e" "RUSTUP_HOME=/rustup-home" "-m" "1536M" "--network" "none" "crater"`
Dec 03 13:48:20.020 INFO [stdout] eb12c16402e1321878150232d4f619cbd8e8772d6cc3b55090d0a00e3606fe80
Dec 03 13:48:20.022 INFO running `"docker" "start" "-a" "eb12c16402e1321878150232d4f619cbd8e8772d6cc3b55090d0a00e3606fe80"`
Dec 03 13:48:21.275 INFO [stderr] usermod: no changes
Dec 03 13:48:21.391 INFO [stderr]    Compiling docmatic v0.1.2 (/source)
Dec 03 13:48:23.255 INFO [stderr]     Finished dev [unoptimized + debuginfo] target(s) in 1.94s
Dec 03 13:48:23.258 INFO [stderr] su: No module specific data is present
Dec 03 13:48:24.429 INFO running `"docker" "inspect" "eb12c16402e1321878150232d4f619cbd8e8772d6cc3b55090d0a00e3606fe80"`
Dec 03 13:48:24.692 INFO running `"docker" "rm" "-f" "eb12c16402e1321878150232d4f619cbd8e8772d6cc3b55090d0a00e3606fe80"`
Dec 03 13:48:25.059 INFO [stdout] eb12c16402e1321878150232d4f619cbd8e8772d6cc3b55090d0a00e3606fe80
Dec 03 13:48:25.067 INFO running `"docker" "create" "-v" "/mnt/big/crater/work/local/target-dirs/beta-1.31-5/worker-7/master#8940af3cea4a9a9deabcaf843b2f8cad9a83fc61:/target:rw,Z" "-v" "/mnt/big/crater/work/local/test-source/worker-7/beta-1.31-5/master#8940af3cea4a9a9deabcaf843b2f8cad9a83fc61:/source:ro,Z" "-v" "/mnt/big/crater/work/local/cargo-home:/cargo-home:ro,Z" "-v" "/mnt/big/crater/work/local/rustup-home:/rustup-home:ro,Z" "-e" "USER_ID=1000" "-e" "SOURCE_DIR=/source" "-e" "USER_ID=1000" "-e" "CMD=cargo +8940af3cea4a9a9deabcaf843b2f8cad9a83fc61-alt test --frozen --no-run" "-e" "CARGO_TARGET_DIR=/target" "-e" "CARGO_INCREMENTAL=0" "-e" "RUST_BACKTRACE=full" "-e" "RUSTFLAGS=--cap-lints=warn" "-e" "CARGO_HOME=/cargo-home" "-e" "RUSTUP_HOME=/rustup-home" "-m" "1536M" "--network" "none" "crater"`
Dec 03 13:48:25.565 INFO [stdout] e9ebb6aea6648f3d7151b9cadf8357d6727e97c7be29b4f279fd8fa415a2c981
Dec 03 13:48:25.567 INFO running `"docker" "start" "-a" "e9ebb6aea6648f3d7151b9cadf8357d6727e97c7be29b4f279fd8fa415a2c981"`
Dec 03 13:48:27.083 INFO [stderr] usermod: no changes
Dec 03 13:48:27.197 INFO [stderr]    Compiling docmatic v0.1.2 (/source)
Dec 03 13:48:30.385 INFO [stderr]     Finished dev [unoptimized + debuginfo] target(s) in 3.22s
Dec 03 13:48:30.397 INFO [stderr] su: No module specific data is present
Dec 03 13:48:31.356 INFO running `"docker" "inspect" "e9ebb6aea6648f3d7151b9cadf8357d6727e97c7be29b4f279fd8fa415a2c981"`
Dec 03 13:48:31.719 INFO running `"docker" "rm" "-f" "e9ebb6aea6648f3d7151b9cadf8357d6727e97c7be29b4f279fd8fa415a2c981"`
Dec 03 13:48:32.078 INFO [stdout] e9ebb6aea6648f3d7151b9cadf8357d6727e97c7be29b4f279fd8fa415a2c981
Dec 03 13:48:32.085 INFO running `"docker" "create" "-v" "/mnt/big/crater/work/local/target-dirs/beta-1.31-5/worker-7/master#8940af3cea4a9a9deabcaf843b2f8cad9a83fc61:/target:rw,Z" "-v" "/mnt/big/crater/work/local/test-source/worker-7/beta-1.31-5/master#8940af3cea4a9a9deabcaf843b2f8cad9a83fc61:/source:ro,Z" "-v" "/mnt/big/crater/work/local/cargo-home:/cargo-home:ro,Z" "-v" "/mnt/big/crater/work/local/rustup-home:/rustup-home:ro,Z" "-e" "USER_ID=1000" "-e" "SOURCE_DIR=/source" "-e" "USER_ID=1000" "-e" "CMD=cargo +8940af3cea4a9a9deabcaf843b2f8cad9a83fc61-alt test --frozen" "-e" "CARGO_TARGET_DIR=/target" "-e" "CARGO_INCREMENTAL=0" "-e" "RUST_BACKTRACE=full" "-e" "RUSTFLAGS=--cap-lints=warn" "-e" "CARGO_HOME=/cargo-home" "-e" "RUSTUP_HOME=/rustup-home" "-m" "1536M" "--network" "none" "crater"`
Dec 03 13:48:32.561 INFO [stdout] 5c41651ca5b29a28d19a604617a57ad9bdb827651d5bfd5c6cdaf197ac888850
Dec 03 13:48:32.571 INFO running `"docker" "start" "-a" "5c41651ca5b29a28d19a604617a57ad9bdb827651d5bfd5c6cdaf197ac888850"`
Dec 03 13:48:34.107 INFO [stderr] usermod: no changes
Dec 03 13:48:34.191 INFO [stderr]     Finished dev [unoptimized + debuginfo] target(s) in 0.06s
Dec 03 13:48:34.204 INFO [stderr]      Running /target/debug/deps/docmatic-fb57f3bc23a86097
Dec 03 13:48:34.211 INFO [stderr]      Running /target/debug/deps/test_readme-e871acff93ea22e6
Dec 03 13:48:34.211 INFO [stdout] 
Dec 03 13:48:34.211 INFO [stdout] running 0 tests
Dec 03 13:48:34.211 INFO [stdout] 
Dec 03 13:48:34.211 INFO [stdout] test result: ok. 0 passed; 0 failed; 0 ignored; 0 measured; 0 filtered out
Dec 03 13:48:34.211 INFO [stdout] 
Dec 03 13:48:34.216 INFO [stdout] 
Dec 03 13:48:34.216 INFO [stdout] running 1 test
Dec 03 13:48:34.270 INFO [stdout] 
Dec 03 13:48:34.270 INFO [stdout] running 1 test
Dec 03 13:48:35.568 INFO [stdout] test README.md - docmatic::Usage (line 23) ... FAILED
Dec 03 13:48:35.568 INFO [stdout] 
Dec 03 13:48:35.568 INFO [stdout] failures:
Dec 03 13:48:35.569 INFO [stdout] 
Dec 03 13:48:35.569 INFO [stdout] ---- README.md - docmatic::Usage (line 23) stdout ----
Dec 03 13:48:35.569 INFO [stdout] error[E0464]: multiple matching crates for `docmatic`
Dec 03 13:48:35.569 INFO [stdout]  --> README.md:23:1
Dec 03 13:48:35.569 INFO [stdout]   |
Dec 03 13:48:35.569 INFO [stdout] 2 | extern crate docmatic;
Dec 03 13:48:35.569 INFO [stdout]   | ^^^^^^^^^^^^^^^^^^^^^^
Dec 03 13:48:35.569 INFO [stdout]   |
Dec 03 13:48:35.569 INFO [stdout]   = note: candidates:
Dec 03 13:48:35.569 INFO [stdout]           crate `docmatic`: /target/debug/deps/libdocmatic-648d024be55b3f24.rlib
Dec 03 13:48:35.569 INFO [stdout]           crate `docmatic`: /target/debug/deps/libdocmatic-e8127793266b2984.rlib
Dec 03 13:48:35.569 INFO [stdout] 
Dec 03 13:48:35.569 INFO [stdout] error[E0463]: can't find crate for `docmatic`
Dec 03 13:48:35.569 INFO [stdout]  --> README.md:23:1
Dec 03 13:48:35.569 INFO [stdout]   |
Dec 03 13:48:35.569 INFO [stdout] 2 | extern crate docmatic;
Dec 03 13:48:35.569 INFO [stdout]   | ^^^^^^^^^^^^^^^^^^^^^^ can't find crate
Dec 03 13:48:35.569 INFO [stdout] 
Dec 03 13:48:35.569 INFO [stdout] thread 'README.md - docmatic::Usage (line 23)' panicked at 'couldn't compile the test', librustdoc/test.rs:332:13
Dec 03 13:48:35.569 INFO [stdout] stack backtrace:
Dec 03 13:48:35.569 INFO [stdout]    0:     0x7f5e317b690f - std::sys::unix::backtrace::tracing::imp::unwind_backtrace::h3a8b83e1922cbdde
Dec 03 13:48:35.569 INFO [stdout]                                at libstd/sys/unix/backtrace/tracing/gcc_s.rs:49
Dec 03 13:48:35.569 INFO [stdout]    1:     0x7f5e3179b897 - std::sys_common::backtrace::print::h00d3155a29b4020f
Dec 03 13:48:35.569 INFO [stdout]                                at libstd/sys_common/backtrace.rs:71
Dec 03 13:48:35.569 INFO [stdout]                                at libstd/sys_common/backtrace.rs:59
Dec 03 13:48:35.569 INFO [stdout]    2:     0x7f5e317c1cef - std::panicking::default_hook::{{closure}}::hd7465c742e79e1bb
Dec 03 13:48:35.569 INFO [stdout]                                at libstd/panicking.rs:211
Dec 03 13:48:35.569 INFO [stdout]    3:     0x7f5e317c19ee - std::panicking::default_hook::h9e3966f2aa2a6e12
Dec 03 13:48:35.569 INFO [stdout]                                at libstd/panicking.rs:221
Dec 03 13:48:35.569 INFO [stdout]    4:     0x7f5e3394c951 - rustc::util::common::panic_hook::h27965632b67fe74e
Dec 03 13:48:35.569 INFO [stdout]    5:     0x7f5e317c24e6 - std::panicking::rust_panic_with_hook::h587f091ae747d080
Dec 03 13:48:35.569 INFO [stdout]                                at libstd/panicking.rs:480
Dec 03 13:48:35.569 INFO [stdout]    6:     0x562366cadb17 - std::panicking::begin_panic::hcef7ac517f7efe0f
Dec 03 13:48:35.569 INFO [stdout]                                at libstd/panicking.rs:410
Dec 03 13:48:35.569 INFO [stdout]    7:     0x562366e41cc7 - <rustdoc::test::Collector as rustdoc::test::Tester>::add_test::{{closure}}::{{closure}}::{{closure}}::h1a7d462b7674a13e
Dec 03 13:48:35.569 INFO [stdout]                                at librustdoc/test.rs:332
Dec 03 13:48:35.569 INFO [stdout]                                at librustdoc/test.rs:596
Dec 03 13:48:35.570 INFO [stdout]    8:     0x562366df71f8 - <scoped_tls::ScopedKey<T>>::set::h9a299037e2efdd79
Dec 03 13:48:35.570 INFO [stdout]                                at /cargo/registry/src/github.com-1ecc6299db9ec823/scoped-tls-0.1.2/src/lib.rs:155
Dec 03 13:48:35.570 INFO [stdout]                                at libsyntax/lib.rs:106
Dec 03 13:48:35.570 INFO [stdout]                                at /cargo/registry/src/github.com-1ecc6299db9ec823/scoped-tls-0.1.2/src/lib.rs:155
Dec 03 13:48:35.570 INFO [stdout]    9:     0x562366bfb601 - syntax::with_globals::hc9a23e436a64729f
Dec 03 13:48:35.570 INFO [stdout]                                at libsyntax/lib.rs:105
Dec 03 13:48:35.570 INFO [stdout]   10:     0x562366caddbb - std::panicking::try::do_call::hd95e3a92339aa7c0
Dec 03 13:48:35.570 INFO [stdout]                                at librustdoc/test.rs:593
Dec 03 13:48:35.570 INFO [stdout]                                at libstd/panic.rs:313
Dec 03 13:48:35.570 INFO [stdout]                                at libstd/panicking.rs:310
Dec 03 13:48:35.570 INFO [stdout]   11:     0x7f5e317cfcd9 - __rust_maybe_catch_panic
Dec 03 13:48:35.570 INFO [stdout]                                at libpanic_unwind/lib.rs:102
Dec 03 13:48:35.570 INFO [stdout]   12:     0x562366cd0f49 - rustc_driver::in_named_rustc_thread::h5d5326e5f9843b1f
Dec 03 13:48:35.570 INFO [stdout]                                at libstd/panicking.rs:289
Dec 03 13:48:35.570 INFO [stdout]                                at libstd/panic.rs:392
Dec 03 13:48:35.570 INFO [stdout]                                at librustc_driver/lib.rs:1546
Dec 03 13:48:35.570 INFO [stdout]   13:     0x562366e0feb0 - <F as alloc::boxed::FnBox<A>>::call_box::h85b70bbf522f8d35
Dec 03 13:48:35.570 INFO [stdout]                                at librustdoc/test.rs:593
Dec 03 13:48:35.570 INFO [stdout]                                at liballoc/boxed.rs:672
Dec 03 13:48:35.570 INFO [stdout]   14:     0x7f5e32e31022 - <F as alloc::boxed::FnBox<A>>::call_box::h37f4bb882553d58c
Dec 03 13:48:35.570 INFO [stdout]                                at libtest/lib.rs:1461
Dec 03 13:48:35.570 INFO [stdout]                                at liballoc/boxed.rs:672
Dec 03 13:48:35.570 INFO [stdout]   15:     0x7f5e317cfcd9 - __rust_maybe_catch_panic
Dec 03 13:48:35.570 INFO [stdout]                                at libpanic_unwind/lib.rs:102
Dec 03 13:48:35.570 INFO [stdout]   16:     0x7f5e32e59462 - std::sys_common::backtrace::__rust_begin_short_backtrace::hb8f0d0309526c184
Dec 03 13:48:35.570 INFO [stdout]                                at libstd/panicking.rs:289
Dec 03 13:48:35.570 INFO [stdout]                                at libstd/panic.rs:392
Dec 03 13:48:35.570 INFO [stdout]                                at libtest/lib.rs:1423
Dec 03 13:48:35.570 INFO [stdout]                                at libstd/sys_common/backtrace.rs:136
Dec 03 13:48:35.570 INFO [stdout]   17:     0x7f5e32e5a204 - std::panicking::try::do_call::hc2f7c8b9a348d8db
Dec 03 13:48:35.570 INFO [stdout]                                at libstd/thread/mod.rs:409
Dec 03 13:48:35.570 INFO [stdout]                                at libstd/panic.rs:313
Dec 03 13:48:35.570 INFO [stdout]                                at libstd/panicking.rs:310
Dec 03 13:48:35.570 INFO [stdout]   18:     0x7f5e317cfcd9 - __rust_maybe_catch_panic
Dec 03 13:48:35.570 INFO [stdout]                                at libpanic_unwind/lib.rs:102
Dec 03 13:48:35.570 INFO [stdout]   19:     0x7f5e32e4294c - <F as alloc::boxed::FnBox<A>>::call_box::h6bfded618e480b32
Dec 03 13:48:35.570 INFO [stdout]                                at libstd/panicking.rs:289
Dec 03 13:48:35.570 INFO [stdout]                                at libstd/panic.rs:392
Dec 03 13:48:35.570 INFO [stdout]                                at libstd/thread/mod.rs:408
Dec 03 13:48:35.570 INFO [stdout]                                at liballoc/boxed.rs:672
Dec 03 13:48:35.570 INFO [stdout]   20:     0x7f5e317bcc9d - std::sys_common::thread::start_thread::h4c28257d67cdf9cb
Dec 03 13:48:35.570 INFO [stdout]                                at liballoc/boxed.rs:682
Dec 03 13:48:35.570 INFO [stdout]                                at libstd/sys_common/thread.rs:24
Dec 03 13:48:35.570 INFO [stdout]   21:     0x7f5e317924d5 - std::sys::unix::thread::Thread::new::thread_start::hfecb2e7eff8fd34f
Dec 03 13:48:35.570 INFO [stdout]                                at libstd/sys/unix/thread.rs:90
Dec 03 13:48:35.570 INFO [stdout]   22:     0x7f5e3131e6b9 - start_thread
Dec 03 13:48:35.570 INFO [stdout]   23:     0x7f5e30e3e41c - clone
Dec 03 13:48:35.570 INFO [stdout]   24:                0x0 - <unknown>
Dec 03 13:48:35.570 INFO [stdout] query stack during panic:
Dec 03 13:48:35.570 INFO [stdout] end of query stack
Dec 03 13:48:35.570 INFO [stdout] 
Dec 03 13:48:35.570 INFO [stdout] 
Dec 03 13:48:35.570 INFO [stdout] failures:
Dec 03 13:48:35.570 INFO [stdout]     README.md - docmatic::Usage (line 23)
Dec 03 13:48:35.571 INFO [stdout] 
Dec 03 13:48:35.571 INFO [stdout] test result: FAILED. 0 passed; 1 failed; 0 ignored; 0 measured; 0 filtered out
Dec 03 13:48:35.571 INFO [stdout] 
Dec 03 13:48:35.602 INFO [stdout] test test_readme ... FAILED
Dec 03 13:48:35.602 INFO [stdout] 
Dec 03 13:48:35.602 INFO [stdout] failures:
Dec 03 13:48:35.602 INFO [stdout] 
Dec 03 13:48:35.602 INFO [stdout] ---- test_readme stdout ----
Dec 03 13:48:35.602 INFO [stdout] thread 'test_readme' panicked at 'Failed to run rustdoc tests on '"README.md"'', src/lib.rs:97:9
Dec 03 13:48:35.602 INFO [stdout] stack backtrace:
Dec 03 13:48:35.602 INFO [stdout]    0:     0x563175c50b0f - std::sys::unix::backtrace::tracing::imp::unwind_backtrace::h3a8b83e1922cbdde
Dec 03 13:48:35.602 INFO [stdout]                                at libstd/sys/unix/backtrace/tracing/gcc_s.rs:49
Dec 03 13:48:35.602 INFO [stdout]    1:     0x563175c5cfa7 - std::sys_common::backtrace::print::h00d3155a29b4020f
Dec 03 13:48:35.602 INFO [stdout]                                at libstd/sys_common/backtrace.rs:71
Dec 03 13:48:35.602 INFO [stdout]                                at libstd/sys_common/backtrace.rs:59
Dec 03 13:48:35.602 INFO [stdout]    2:     0x563175c558bf - std::panicking::default_hook::{{closure}}::hd7465c742e79e1bb
Dec 03 13:48:35.602 INFO [stdout]                                at libstd/panicking.rs:211
Dec 03 13:48:35.603 INFO [stdout]    3:     0x563175c555be - std::panicking::default_hook::h9e3966f2aa2a6e12
Dec 03 13:48:35.603 INFO [stdout]                                at libstd/panicking.rs:221
Dec 03 13:48:35.603 INFO [stdout]    4:     0x563175c55f9e - std::panicking::rust_panic_with_hook::h587f091ae747d080
Dec 03 13:48:35.603 INFO [stdout]                                at libstd/panicking.rs:476
Dec 03 13:48:35.603 INFO [stdout]    5:     0x563175bbed83 - std::panicking::begin_panic::h64bbd88cb948e391
Dec 03 13:48:35.603 INFO [stdout]                                at libstd/panicking.rs:410
Dec 03 13:48:35.603 INFO [stdout]    6:     0x563175bbeccf - docmatic::Assert::test_file::ha921791ba6bcbe0c
Dec 03 13:48:35.603 INFO [stdout]                                at /source/<::std::macros::panic macros>:3
Dec 03 13:48:35.603 INFO [stdout]    7:     0x563175bbe9fb - docmatic::assert_file::hf7a04ff3b21f687f
Dec 03 13:48:35.603 INFO [stdout]                                at /source/src/lib.rs:125
Dec 03 13:48:35.603 INFO [stdout]    8:     0x563175bbe816 - test_readme::test_readme::h2864be4826332c8b
Dec 03 13:48:35.603 INFO [stdout]                                at tests/test_readme.rs:5
Dec 03 13:48:35.603 INFO [stdout]    9:     0x563175bbe7e9 - test_readme::test_readme::{{closure}}::h23aeb008e7340fd6
Dec 03 13:48:35.603 INFO [stdout]                                at tests/test_readme.rs:4
Dec 03 13:48:35.603 INFO [stdout]   10:     0x563175bbdd9d - core::ops::function::FnOnce::call_once::hbeb9940b5413e605
Dec 03 13:48:35.603 INFO [stdout]                                at libcore/ops/function.rs:238
Dec 03 13:48:35.603 INFO [stdout]   11:     0x563175bc141e - <F as alloc::boxed::FnBox<A>>::call_box::hac903f91577a156c
Dec 03 13:48:35.603 INFO [stdout]                                at libtest/lib.rs:1468
Dec 03 13:48:35.603 INFO [stdout]                                at libcore/ops/function.rs:238
Dec 03 13:48:35.603 INFO [stdout]                                at liballoc/boxed.rs:672
Dec 03 13:48:35.603 INFO [stdout]   12:     0x563175c67f59 - __rust_maybe_catch_panic
Dec 03 13:48:35.603 INFO [stdout]                                at libpanic_unwind/lib.rs:102
Dec 03 13:48:35.603 INFO [stdout]   13:     0x563175be3072 - std::sys_common::backtrace::__rust_begin_short_backtrace::hb8f0d0309526c184
Dec 03 13:48:35.603 INFO [stdout]                                at libstd/panicking.rs:289
Dec 03 13:48:35.603 INFO [stdout]                                at libstd/panic.rs:392
Dec 03 13:48:35.603 INFO [stdout]                                at libtest/lib.rs:1423
Dec 03 13:48:35.603 INFO [stdout]                                at libstd/sys_common/backtrace.rs:136
Dec 03 13:48:35.603 INFO [stdout]   14:     0x563175be3b24 - std::panicking::try::do_call::hc2f7c8b9a348d8db
Dec 03 13:48:35.603 INFO [stdout]                                at libstd/thread/mod.rs:409
Dec 03 13:48:35.603 INFO [stdout]                                at libstd/panic.rs:313
Dec 03 13:48:35.603 INFO [stdout]                                at libstd/panicking.rs:310
Dec 03 13:48:35.603 INFO [stdout]   15:     0x563175c67f59 - __rust_maybe_catch_panic
Dec 03 13:48:35.603 INFO [stdout]                                at libpanic_unwind/lib.rs:102
Dec 03 13:48:35.603 INFO [stdout]   16:     0x563175bd0d5c - <F as alloc::boxed::FnBox<A>>::call_box::h6bfded618e480b32
Dec 03 13:48:35.603 INFO [stdout]                                at libstd/panicking.rs:289
Dec 03 13:48:35.603 INFO [stdout]                                at libstd/panic.rs:392
Dec 03 13:48:35.603 INFO [stdout]                                at libstd/thread/mod.rs:408
Dec 03 13:48:35.603 INFO [stdout]                                at liballoc/boxed.rs:672
Dec 03 13:48:35.603 INFO [stdout]   17:     0x563175c52cbd - std::sys_common::thread::start_thread::h4c28257d67cdf9cb
Dec 03 13:48:35.603 INFO [stdout]                                at liballoc/boxed.rs:682
Dec 03 13:48:35.603 INFO [stdout]                                at libstd/sys_common/thread.rs:24
Dec 03 13:48:35.603 INFO [stdout]   18:     0x563175c46095 - std::sys::unix::thread::Thread::new::thread_start::hfecb2e7eff8fd34f
Dec 03 13:48:35.603 INFO [stdout]                                at libstd/sys/unix/thread.rs:90
Dec 03 13:48:35.603 INFO [stdout]   19:     0x7fd991a2e6b9 - start_thread
Dec 03 13:48:35.603 INFO [stdout]   20:     0x7fd99154e41c - clone
Dec 03 13:48:35.603 INFO [stdout]   21:                0x0 - <unknown>
Dec 03 13:48:35.603 INFO [stdout] 
Dec 03 13:48:35.603 INFO [stdout] 
Dec 03 13:48:35.603 INFO [stdout] failures:
Dec 03 13:48:35.603 INFO [stdout]     test_readme
Dec 03 13:48:35.604 INFO [stdout] 
Dec 03 13:48:35.604 INFO [stdout] test result: FAILED. 0 passed; 1 failed; 0 ignored; 0 measured; 0 filtered out
Dec 03 13:48:35.604 INFO [stdout] 
Dec 03 13:48:35.606 INFO [stderr] error: test failed, to rerun pass '--test test_readme'
Dec 03 13:48:35.608 INFO [stderr] su: No module specific data is present
Dec 03 13:48:36.567 INFO running `"docker" "inspect" "5c41651ca5b29a28d19a604617a57ad9bdb827651d5bfd5c6cdaf197ac888850"`
Dec 03 13:48:36.840 INFO running `"docker" "rm" "-f" "5c41651ca5b29a28d19a604617a57ad9bdb827651d5bfd5c6cdaf197ac888850"`
Dec 03 13:48:37.275 INFO [stdout] 5c41651ca5b29a28d19a604617a57ad9bdb827651d5bfd5c6cdaf197ac888850
